{"id":154,"date":"2017-06-09T15:45:18","date_gmt":"2017-06-09T13:45:18","guid":{"rendered":"http:\/\/naturfreunde-giengen.de\/?page_id=154"},"modified":"2023-02-11T15:11:27","modified_gmt":"2023-02-11T13:11:27","slug":"die-wandergruppe","status":"publish","type":"page","link":"https:\/\/naturfreunde-giengen.de\/?page_id=154","title":{"rendered":"Die Wandergruppe"},"content":{"rendered":"<p align=\"CENTER\">Seit der Vereinsgr\u00fcndung im Jahre 1922 steht das Wandern fest im jeweiligen Jahresprogramm des Ortsvereins.<br \/>\nIm 14t\u00e4gigen Rhythmus werden dabei n\u00e4here und weitere Ziele ins Auge gefasst. Grunds\u00e4tzlich gilt dabei, dass der Weg das Ziel sein soll. Immer wieder weisen die Wanderf\u00fchrer auf botanische, geschichtliche oder geologische Besonderheiten am Wege hin.<br \/>\nDie jeweiligen Start- und Abgangszeiten werden in der \u00f6rtlichen Presse bekannt gegeben.<br \/>\nAuch in unserem Terminkalender in der Homepage erhalten Sie eine<\/p>\n<p align=\"CENTER\">\u00dcbersicht der geplanten Termine.<\/p>\n<p>Auskunft erteilt Hans Mack Tel: 07322 \/ 5317<\/p>\n<p>&nbsp;<\/p>\n","protected":false},"excerpt":{"rendered":"<p>Seit der Vereinsgr\u00fcndung im Jahre 1922 steht das Wandern fest im jeweiligen Jahresprogramm des Ortsvereins. Im 14t\u00e4gigen Rhythmus werden dabei n\u00e4here und weitere Ziele ins Auge gefasst. Grunds\u00e4tzlich gilt dabei, dass der Weg das Ziel sein soll. Immer wieder weisen die Wanderf\u00fchrer auf botanische, geschichtliche oder geologische Besonderheiten am Wege hin. Die jeweiligen Start- und&#8230;&nbsp;(<a href=\"https:\/\/naturfreunde-giengen.de\/?page_id=154\">weiterlesen<\/a>)<\/p>\n","protected":false},"author":1,"featured_media":0,"parent":83,"menu_order":0,"comment_status":"closed","ping_status":"closed","template":"page-no-sidebar.php","meta":{"two_page_speed":{"previous_score":{"desktop_score":83,"desktop_tti":"1.7\u00a0","mobile_score":53,"mobile_tti":"7.4\u00a0","date":"01.01.2023 05:19:19 pm","status":"completed"},"current_score":{"desktop_score":100,"desktop_tti":"0.4\u00a0","mobile_score":99,"mobile_tti":"1.4\u00a0","date":"11.02.2023 03:11:41 pm","status":"completed"}},"footnotes":""},"class_list":["post-154","page","type-page","status-publish","hentry"],"_links":{"self":[{"href":"https:\/\/naturfreunde-giengen.de\/index.php?rest_route=\/wp\/v2\/pages\/154","targetHints":{"allow":["GET"]}}],"collection":[{"href":"https:\/\/naturfreunde-giengen.de\/index.php?rest_route=\/wp\/v2\/pages"}],"about":[{"href":"https:\/\/naturfreunde-giengen.de\/index.php?rest_route=\/wp\/v2\/types\/page"}],"author":[{"embeddable":true,"href":"https:\/\/naturfreunde-giengen.de\/index.php?rest_route=\/wp\/v2\/users\/1"}],"replies":[{"embeddable":true,"href":"https:\/\/naturfreunde-giengen.de\/index.php?rest_route=%2Fwp%2Fv2%2Fcomments&post=154"}],"version-history":[{"count":2,"href":"https:\/\/naturfreunde-giengen.de\/index.php?rest_route=\/wp\/v2\/pages\/154\/revisions"}],"predecessor-version":[{"id":207,"href":"https:\/\/naturfreunde-giengen.de\/index.php?rest_route=\/wp\/v2\/pages\/154\/revisions\/207"}],"up":[{"embeddable":true,"href":"https:\/\/naturfreunde-giengen.de\/index.php?rest_route=\/wp\/v2\/pages\/83"}],"wp:attachment":[{"href":"https:\/\/naturfreunde-giengen.de\/index.php?rest_route=%2Fwp%2Fv2%2Fmedia&parent=154"}],"curies":[{"name":"wp","href":"https:\/\/api.w.org\/{rel}","templated":true}]}}

<p align="CENTER">Seit der Vereinsgründung im Jahre 1922 steht das Wandern fest im jeweiligen Jahresprogramm des Ortsvereins.<br />
Im 14tägigen Rhythmus werden dabei nähere und weitere Ziele ins Auge gefasst. Grundsätzlich gilt dabei, dass der Weg das Ziel sein soll. Immer wieder weisen die Wanderführer auf botanische, geschichtliche oder geologische Besonderheiten am Wege hin.<br />
Die jeweiligen Start- und Abgangszeiten werden in der örtlichen Presse bekannt gegeben.<br />
Auch in unserem Terminkalender in der Homepage erhalten Sie eine</p>
<p align="CENTER">Übersicht der geplanten Termine.</p>
<p>Auskunft erteilt Hans Mack Tel: 07322 / 5317</p>
<p>&nbsp;</p>

<p>Seit der Vereinsgründung im Jahre 1922 steht das Wandern fest im jeweiligen Jahresprogramm des Ortsvereins. Im 14tägigen Rhythmus werden dabei nähere und weitere Ziele ins Auge gefasst. Grundsätzlich gilt dabei, dass der Weg das Ziel sein soll. Immer wieder weisen die Wanderführer auf botanische, geschichtliche oder geologische Besonderheiten am Wege hin. Die jeweiligen Start- und&#8230;&nbsp;(<a href="https://naturfreunde-giengen.de/?page_id=154">weiterlesen</a>)</p>
